 v(a).
-3
Let t be (-12)/(7 + -3) + 0. Let f(w) = -w + 1. Determine f(t).
4
Let n(a) = a**3 - a**2. Let q be n(0). Let g(s) = 2*s**3 + 2*s**2 - 1. Let x be g(1). Let o(c) = x + c + 3*c - 3*c. What is o(q)?
3
Let h(u) = -u + 3. Let d(m) = -m**3 + 5*m**2 + 7*m - 8. Let j be d(6). Let f be 10/(-4) + (-4)/(-8). Let o = f + j. Determine h(o).
7
Let q(d) = 5 - 6*d - 4 + 3*d. Suppose 2*z = -2 - 0. Calculate q(z).
4
Let m(z) = -5*z**2 + 25*z - 4. Let t(p) = p**2 - 6*p + 1. Let r(v) = 2*m(v) + 9*t(v). What is r(-4)?
1
Suppose 5*v + q + 22 + 4 = 0, 3*v + q = -16. Let r(u) = u**2 + u - 7. Give r(v).
13
Let d(q) = -2*q**2 - 2*q**2 + 7 - q**3 - 2*q**2 - 1 + 9*q. What is d(-7)?
-8
Let l(o) = -o**3 + 2*o**2 - o - 2. Suppose 4*m + m = 45. Let n = m + -7. Calculate l(n).
-4
Let g = 89 + -91. Let n(r) = -2*r**3 + r**2 + r + 2. What is n(g)?
20
Let s(o) = 27*o**3 + 2*o**2 + 5*o - 7. Let w(a) = 14*a**3 + a**2 + 3*a - 4. Let j(d) = 3*s(d) - 5*w(d). What is j(-1)?
-11
Let t(d) be the first derivative of 7*d**4/4 + d + 4. Determine t(-1).
-6
Let r(u) = 2*u**2 - 2*u + 3. Suppose -4*x + 2*w = 3*w + 80, 3*w + 60 = -3*x. Let y be (8/x)/(1/5). Let c = y - -4. Determine r(c).
7
Let s = -9 + 11. Let z(d) = d**2 + 0*d**2 - 3*d**2 - 5*d + 7. Let r(w) = 4*w**2 + 11*w - 15. Let j(p) = 6*r(p) + 13*z(p). Determine j(s).
-5
Let g = 23 + -45. Let w = g + 18. Let n(d) = -2*d - 4. Give n(w).
4
Let z(n) = -n**3 - 6*n**2 - 4*n + 4. Let g be (72/(-28))/((-1)/7). Suppose g = -4*b - 2. Give z(b).
-1
Let y(b) be the first derivative of -b**4/4 - 4*b**3/3 - 2*b**2 - 3*b - 10. What is y(-3)?
0
Let k(b) = 2*b - 2. Suppose -4*l - 11 = -o - l, -2*o + 27 = -l. Let t be o/6 - 4/(-6). Let n be k(t). Let h(i) = -i**3 + 3*i**2 + 5*i - 3. Calculate h(n).
1
Let s(y) = y**2 - y - 1. Let z(l) = -4*l**2 + 11. Let j(h) = 5*s(h) + z(h). Let x be -3 - -28 - 4/(-2). Suppose 5*u - x = -2. Determine j(u).
6
Let z(r) = r**3 + 4*r**2 - 2*r - 2. Let y(b) = b + 2. Let f be y(-5). Let o(k) = -k + 1. Let a be o(f). Let t = a + -6. What is z(t)?
10
Let t be ((-8)/(-16))/((-1)/12). Let w(n) = -2*n - 4. Give w(t).
8
Let y(w) be the first derivative of 5*w**4/4 + w**3/3 + w**2 + w - 15. Give y(-1).
-5
Let w(s) be the third derivative of s**6/120 - s**5/120 - s**4/12 - 2*s**3/3 - 8*s**2. Let t(m) be the first derivative of w(m). Give t(-2).
12
Let s(b) be the first derivative of -b**2/2 + 21. Let x(h) = h**3 - 3*h**2 + h + 1. Let f be x(2). What is s(f)?
1
Let b(g) = 28*g**2 + 24*g**2 - g**3 - g + 2 - 48*g**2. Suppose -8 = -j - 4. Determine b(j).
-2
Let a = -115 - -52. Let n = a + 98. Suppose 2*d - 5*d = 15, -2*h = -5*d - n. Let c(x) = -x. Give c(h).
-5
Let c(f) = f**2 - 16*f - 10. Let w be c(17). Let g(u) = u**3 - 6*u**2 - 7*u + 1. What is g(w)?
1
Let d(m) = m - 2. Let w(t) be the third derivative of -t**4/24 + 5*t**3/3 - t**2. Let z be w(7). Give d(z).
1
Let w(b) be the first derivative of -b**3/3 - 5*b**2/2 - 2*b - 2. Let l(i) be the first derivative of w(i). Suppose 0 = -2*s - s - 12. Give l(s).
3
Let y(n) = -n + 2. Let b(v) = v. Let z be b(2). Let p(k) = -3*k + 19. Let d be p(7). Let r be (-1)/(z/12) - d. What is y(r)?
6
Let b(i) be the third derivative of -i**6/120 - i**5/15 - i**4/8 - i**3/2 + 6*i**2. What is b(-3)?
-3
Let j be 24/(-14) - 6/21. Let x be 4/2 + 1 + j. Let k be -2*(x + 3/(-2)). Let o(h) = h**2 + h. Calculate o(k).
2
Let d be 2/10 + (-19)/(-5). Suppose -d*q = 3*z - 2*z, 5*z = 3*q. Let n(r) = z*r**3 + 4*r - r**3 + 1 + 0*r**2 - 4*r**2. Calculate n(-5).
6
Let n(z) = -2*z - 16. Let j be n(-8). Let g(w) = w**2 + 9 + j*w**2 - 2*w**3 - 8. Give g(2).
-11
Let c(m) = m**3 - 4*m**2 - m. Let d be c(5). Suppose t + d = -3*t. Let o(k) = -k**2 - 5*k. Determine o(t).
0
Suppose 0*k - 75 = -5*k. Suppose -k = 4*b + 1. Let m(t) = t**3 + 4*t**2 - 2*t - 2. Let n be m(b). Let z(l) = l**2 - 5*l. Determine z(n).
6
Let u(n) be the third derivative of n**5/20 + n**4/24 + 2*n**3/3 - 3*n**2. Let i(d) be the first derivative of u(d). Calculate i(2).
13
Let y be ((-4)/5)/((-1)/(-5)). Let t(o) = o - 1. Let f(d) = -d**2 - 6*d + 8. Let x(n) = f(n) + 3*t(n). Determine x(y).
1
Let d(o) = o**2 - 2*o - 1. Suppose 3*q = -12*q + 45. Give d(q).
2
Let r(c) = c**3 + 5*c**2 + 4*c - 1. Let d be (18/24)/(2/(-8)). Let i = d - -7. Suppose -i*x + 3*k - 25 = 0, -x - x - 11 = -k. Calculate r(x).
-1
Let p(y) = y**2 - y. Let i(l) = 6*l**2 - 2*l + 1. Let a(b) = b**3 - 4*b**2 + b - 3. Let n be a(4). Let d(o) = n*i(o) - 5*p(o). Determine d(-3).
1
Let n(x) = 0*x - 2*x + 2 - x**2 - 1. What is n(-3)?
-2
Suppose 35 = 2*q + 3*q. Let r(z) = -9*z - 5*z + 1 + q*z. Determine r(1).
-6
Suppose -g = -4*g + 6. Let x be g/(2 - 0)*-1. Let o(v) be the first derivative of v**4 - 2*v**3/3 + v - 1. Determine o(x).
-5
Suppose 2*o + 0*r + 23 = -3*r, -5*o - 45 = 5*r. Let x(v) = -3*v - 4. What is x(o)?
8
Let f be (3 + -6)*4/3. Let t(d) = -d - 1. Let y(n) = -n + 1. Let h(v) = 7. Let o(r) = -h(r) + 3*y(r). Let u(l) = 3*o(l) - 8*t(l). What is u(f)?
0
Let t(i) be the third derivative of i**5/60 + i**4/24 - 4*i**2. Let m(c) = -2*c**2 - 7*c - 3. Let a(b) = -m(b) - 3*t(b). What is a(-2)?
-9
Let f be (3 + (-20)/12)*3. Let h(t) = t + 4. Determine h(f).
8
Let m(c) = -c. Let d be m(-4). Suppose d*i = -2*p, 3*i + 0*p = 2*p + 14. Suppose 2*k - 4 = -i*k. Let s(u) = -4*u - 1. What is s(k)?
-5
Let v(z) be the first derivative of -z**2 + 4*z + 1. Let b be (2 - 0)*(-18)/(-12). Give v(b).
-2
Let l(k) = -k**2 + 3*k + 1. Let p be l(3). Let b(t) = 8*t + 5. Let o(f) = -1 + 0 + 13*f - 14*f. Let u(w) = -b(w) - 6*o(w). What is u(p)?
-1
Let g(l) = -l**2 - 10*l - 12. Let n = -66 - -57. Calculate g(n).
-3
Suppose -n = 3*n + 36. Let v = n - -5. Let f(k) = -k**3 - 5*k**2 - 5*k - 1. Give f(v).
3
Let y(x) be the second derivative of x**4/12 + 5*x**3/6 + 3*x**2/2 + 8*x. Suppose -z - 8 = -2. Calculate y(z).
9
Let l(i) be the third derivative of 0 - 5*i**2 + 1/4*i**4 - 1/60*i**5 - 1/2*i**3 + 0*i. Calculate l(5).
2
Let j(l) = 2*l**2 + 2*l - 2. Let c(f) be the third derivative of -f**5/20 - f**4/12 + f**3/2 - 5*f**2. Let d(q) = -4*c(q) - 5*j(q). Give d(2).
2
Let q(p) = 11*p**3 - 10*p + 14*p**3 - 10*p**2 - 8 - 26*p**3. What is q(-9)?
1
Suppose -4*s + 8 = 28. Let c(h) = -6 + h**2 + 0 + h**2 - 6*h - 3*h**2. Calculate c(s).
-1
Let j(i) = -7 - 13 - 12*i + 1 - i**3 - 11*i**2 + 5. Let o be j(-10). Let h(c) = -c**3 + 6*c**2 - 4. Determine h(o).
-4
Suppose -b + 0 = 5*m + 5, 0 = -3*m. Let f(g) = g**2 + 7*g + 4. What is f(b)?
-6
Let i(a) = a**3 - 4*a**2 - 2. Let z be i(4). Let w(s) = -66*s**2 + 133*s**2 - 68*s**2 + 2. What is w(z)?
-2
Suppose -m = 4*d - 20, 4*d + 3*m - 12 + 0 = 0. Suppose 2*l + 0*l = 6. Let w(c) = -d*c**2 - 9 + c**3 - 5*c - 4*c**3 + l + 2*c**3. Calculate w(-5).
-6
Suppose 5*i - 45 = -2*t, -i + 32 = 6*t - t. Let h(r) = r - 1. What is h(i)?
6
Let h(m) = 6*m + 4. Let x(w) = 1. Let u(n) = -h(n) + 4*x(n). Calculate u(-2).
12
Suppose 11*v = 6*v + 25. Let h(t) = t**3 - 7*t**2 - 7*t - 6. Let k be h(8). Let o(y) = -4*y + 4*y**2 - 1 - 3*y**k - 4. What is o(v)?
0
Let u(q) = q**2 + q. Let t(y) = 2*y**2 + 2*y. Let a(v) = t(v) - 3*u(v). Let c(f) = f - 5. Let l be c(6). Determine a(l).
-2
Let a be (-2)/8 - (36/(-16) - 2). Let k(s) = 2*s**2 - 6*s + 3. What is k(a)?
11
Suppose -2*o = -7 - 1. Suppose o*v - 4 = -8. Let y(l) = -3*l**2 + 1. Give y(v).
-2
Let n(h) = 26*h**2 - 36*h. Let y(r) = 9*r**2 - 12*r. Let b(w) = -4*n(w) + 11*y(w). Let g(f) = -6*f**2 + 13*f - 1. Let l(x) = -7*b(x) + 6*g(x). Calculate l(-4).
2
Let r(o) = 3*o + 7. Let u(i) = 39*i + 90. Let p(k) = -27*r(k) + 2*u(k). Calculate p(-6).
9
Suppose -2*j - 5*w = -9, -j + 4*w + 0 - 2 = 0. Let x = j + -1. Let z = x - 0. Let i(l) = 7*l**3 + l**2 - 1. Determine i(z).
7
Let b be (-27)/(-21) - (-4)/(-14). Let v(f) = 3*f - 1. Let s(x) = -x**2 + 1. Let u(j) = b*s(j) + v(j). What is u(3)?
0
Let s = 0 - 1. Let j(v) be the second derivative of -11*v**5/20 - v**4/6 - v**3/6 + 125*v. Determine j(s).
10
Let g(t) = 4*t - 4*t - 2*t - 7. Suppose -5*c + 10 + 0 = 0. Suppose -2*u = -c*z - 0*u, -5*z - 40 = 3*u. Give g(z).
3
Let o(b) = -b**3 + 6*b**2 - 2. Let v be 1/1 - -1 - 4. Let g be -4 + 3 + v + 9. Determine o(g).
-2
Let j(a) = 2*a**2 + 2*a + 2. Let o be ((-1)/(-2))/(4/(-16)). What is j(o)?
6
Let b(x) = -x**3 - 4*x**2 + 4*x - 7. Suppose 0*g = 4*g + 20. What is b(g)?
-2
Let p be (4/